30 = -c. What is the tens digit of c?
1
Let v be (3/(-3) + -13)/(4 - 3). What is the units digit of 7 - (-3345)/35 - (-8)/v?
2
Let l(x) = 4*x - 15 - 3*x - 7*x. Let s = -248 + 238. What is the units digit of l(s)?
5
Let u(m) = m**3 + 15*m**2 + 83*m + 159. Let n be u(-6). Let h(v) = 4*v**2 + 4*v - 6. Let x be h(-7). Let t = x - n. What is the hundreds digit of t?
1
Let s(k) = k**2 + 22*k + 22. Let c = -86 + 91. What is the tens digit of s(c)?
5
What is the hundreds digit of (-246 - -11)*1430/(-50)?
7
Let m(y) = -1426*y - 8110. What is the tens digit of m(-6)?
4
Let h(m) = 2*m**3 - 3*m**2 - m. Let i be h(-2). Let y be i/(-65)*(0 - 95). Let v = y + 151. What is the hundreds digit of v?
1
Suppose -3*w - 43270 - 7478 = -3*l, 0 = -2*l - 3*w + 33822. What is the thousands digit of l?
6
Let u be 2 - (-91)/13*(-22)/7. Let n(p) = -p**2 - 21*p - 18. Let a be n(u). Suppose -2*o + 222 = 4*v, v - 207 = -a*o + 27. What is the units digit of o?
9
Suppose -35 = -5*m - 5*o - 0*o, 0 = o. Suppose -m*y + y = -18. Suppose 358 + 29 = y*j. What is the hundreds digit of j?
1
Suppose 2*v = -9 + 13. Suppose 4*w - 258 = -h, -h = -4*w + v*w - 282. What is the hundreds digit of h?
2
Suppose -7*t + 60 = 11. Suppose -2*s - 2*f - 16 = -t*s, -3*f = -s + 11. Suppose -3*o = p - 123, s*p + 7 = o - 27. What is the tens digit of o?
4
Let v(b) = 8*b - 13. Let j be v(2). Suppose -3 = -2*o + j. Suppose -5*a = 2*z - 306, -o*z = z + 3*a - 598. What is the units digit of z?
8
Let h(f) = 49*f + 31. Suppose -9*v - 35 = -2*v. Let q be h(v). Let n = 384 + q. What is the hundreds digit of n?
1
Let y(q) be the third derivative of q**5/30 + 31*q**4/12 - 21*q**3/2 + 6*q**2 - 14. What is the tens digit of y(-34)?
4
Suppose -3*n + 4*n = 3*t - 258, 15 = -5*n. What is the tens digit of t?
8
What is the thousands digit of 26032 - 5 - (-9 + 7)*20/5?
6
Let c(t) = -t + 6. Let r be c(-2). Let i = 129 + r. Suppose -m + i = 3*d - 0*m, -3*m - 29 = -d. What is the tens digit of d?
4
Let o be (-22)/6 - 2 - 3/9. What is the tens digit of ((-206)/(-10) - o/(-3))*30?
5
Let a = -73 + 57. Let b(p) = p**3 + 16*p**2 + 3. Let z be b(a). What is the units digit of 256/6 - 2/z?
2
Let d(p) = -17*p - 31. Suppose -3*r = -4*m - 82, -2*r + 24 = -2*m - 16. What is the units digit of d(m)?
3
Suppose -6*q + 11639 - 2741 = 0. What is the thousands digit of q?
1
Let y be 7/(-7)*-2804 + 2. Suppose 3*i + i + 2*a = y, -2*a = -4*i + 2818. What is the tens digit of i?
0
Let b(q) = -84*q + 98. Let w(p) = p**3 + 8*p**2 + 6*p + 40. Let i be w(-8). What is the tens digit of b(i)?
7
Suppose 4*w + 4*f - 369 = 9*w, 2*w + 143 = -3*f. What is the tens digit of 2314/4 - w/146?
7
Let c be 2/(-5) + 44/10. Let s be (63/(-54) - -1)*-2*6. Suppose i = -c*u - s*i, 2*u - 3*i = 18. What is the units digit of u?
3
Let f(p) = 66*p**3 + 9*p + 8. Let j be 0 + (-3 - -5) + -3. Let o(y) = -y**3 - y - 1. Let c(n) = j*f(n) - 6*o(n). What is the tens digit of c(-1)?
6
Suppose 3*p = -5*j - 25, -5*j + 23 = 5*p + 58. Let z be (-1 - 2) + (j - 535). What is the units digit of (z/8)/(3/12*-2)?
5
Suppose 4*r + 95 = 395. Let t = -317 + r. Let x = 397 + t. What is the tens digit of x?
5
Let k(a) = a**3 - 14*a**2 - 14*a + 26. Let v be k(15). Let x = 77 - v. Let d = 136 - x. What is the tens digit of d?
0
Let q be ((-52)/6)/((-5)/3030). Suppose 3*v - q = -v. Suppose 18*b = v + 973. What is the units digit of b?
7
Let v = 7654 - 3573. What is the thousands digit of v?
4
Let n(l) = 393*l + 3115. What is the hundreds digit of n(52)?
5
Suppose -4*l + 32 - 36 = 0, -9116 = -h - 2*l. What is the units digit of h?
8
Let n be (-38)/(-12) - (-7)/(-42). Let y(k) = -2*k + n*k**3 - 17*k**2 - 3*k + 3*k**2. What is the tens digit of y(6)?
1
Let a(d) = -d**3 + d + 7. Let w be a(-3). Suppose g - w = -8. Suppose 0 = -3*j + g + 187. What is the units digit of j?
0
Suppose 3*i + 48 - 521 = -2*x, 5 = 5*x. Suppose -p + i = -3*u + 4*u, 4*u - 4 = 0. Suppose 5*q - 2*l - 71 = p, 2*l = -q + 55. What is the units digit of q?
7
Suppose 2*x + 2*x - 476 = 0. Let r = -14 - -51. Let h = x - r. What is the tens digit of h?
8
Suppose -5*a = -12*a + 49. Suppose 4*b = -x - 7, 0 = -2*b + a*b + 5*x + 5. Let m(u) = -52*u - 11. What is the tens digit of m(b)?
9
Let r = 68313 + -17499. What is the tens digit of r?
1
Let i(r) be the first derivative of -r**3/3 + 3*r + 15. Let a be i(0). Suppose -4*y = -2*t - 116 - 226, -a*y + 264 = -4*t. What is the tens digit of y?
8
Let s(d) = -d + 10. Suppose -m = -4*b + 19 + 1, 0 = 3*b - 4*m - 15. Let r be s(b). Suppose 0 = -3*g + 1 + 5, -r*c + g + 143 = 0. What is the tens digit of c?
2
Let v(t) = -2*t - 22. Let s be v(4). Let a be (12/s)/((-4)/20). Suppose 3*w = -3*q + 66, -6*q + a*q = -w - 103. What is the units digit of q?
5
Suppose 4*u + 663 = -5*q, -4*q - 3 = -7*q. Let a = 495 - u. What is the units digit of a?
2
Let r(x) = -x**3 + 4*x**2 - 3*x - 2. Let p be r(5). Let o = 1229 - 1153. Let w = o + p. What is the tens digit of w?
3
Suppose -3*t = -2*q + 1939, 3*q - 2334 - 607 = -2*t. Let h = q - 29. What is the tens digit of h?
4
What is the thousands digit of 1776/(-13616) - (-2139374)/46?
6
Suppose -2*y + u = 709, 2*u - 190 = y + 160. Let i = y + 555. What is the tens digit of i?
9
Let m = -12313 + 40750. What is the ten thousands digit of m?
2
What is the units digit of (1*(-9982)/3)/((-142)/213)?
1
What is the tens digit of 79088*1 + 3/((-33)/(-110)) + -6?
9
Suppose 99*s + 119140 = 169*s. What is the units digit of s?
2
Suppose 13*f - 10*f - 17204 = 63286. What is the tens digit of f?
3
Let b(u) = 6*u**3 + 11*u**2 - 10*u + 22. Let m(o) = 5*o**3 + 11*o**2 - 9*o + 23. Let y(i) = -4*b(i) + 5*m(i). What is the units digit of y(-9)?
4
Suppose 11*a = -13 + 13. What is the units digit of 626 + (9 - a) + 1 + 3?
9
Suppose h + 95 = 20*h. What is the hundreds digit of (-2)/h + (-5)/(100/(-11348))?
5
Let w be (-6215)/25 + (-6 - 84/(-15)). Let c = w - -635. What is the units digit of c?
6
Let a = -31412 - -48953. What is the hundreds digit of a?
5
Suppose -5*n = -5*y - 31 - 9, 4*n = -5*y - 67. What is the units digit of ((-23446)/(-209) - (-2)/y) + 5?
7
Let t be (-20)/2*87/58. Let c(m) be the third derivative of m**5/60 + 5*m**4/8 + m**3/3 + m**2. What is the units digit of c(t)?
2
What is the tens digit of ((-176)/30 + 6)/((-8)/(-30))*55234?
1
Let v = 10250 - -16751. What is the thousands digit of v?
7
Let a = -33571 - -55966. What is the thousands digit of a?
2
Let j(n) = -n**2 - 3*n - 2. Let k be j(-3). Let i be 398/(-4) - k/(-4). Let x = -59 - i. What is the units digit of x?
1
Let c be 1 + (3 - 7) + -1. Let u be 5/(40/(-336)) - 4. What is the tens digit of (-1 - u) + 2/((-4)/c)?
4
Suppose -5*z + 126 = 16*z. What is the hundreds digit of 12/36 - (-682)/z?
1
Suppose -3*f - 17 = v - 0, 3*v = -2*f - 30. Suppose -5*u + 64*u = 10089. Let o = v + u. What is the tens digit of o?
6
Suppose -6173 = -5*y - 2*f + 5067, 5*y - 3*f = 11265. Let b = -1294 + y. What is the tens digit of b?
5
Suppose 5931 = 4*l + 38*u - 41*u, 4452 = 3*l - 3*u. What is the tens digit of l?
7
Suppose 76*b = 447449 + 107047. What is the thousands digit of b?
7
Suppose 1221098 + 180476 - 375934 = 72*k. What is the tens digit of k?
4
Let t(r) = 346*r**2 + 104*r + 618. What is the hundreds digit of t(-10)?
1
Suppose 16*n + 3681 + 6095 = 0. What is the hundreds digit of (n - 0)/(53/(-106))?
2
Let z = 323 - 238. Suppose -z*y = -86*y + 462. What is the units digit of y?
2
Suppose -3*d = 8*j - 6*j - 324, 2*j - 4*d = 296. Suppose 2*w - 2*o = 4 + j, 2*w - 160 = 5*o. What is the units digit of w?
0
Let m = -64 - -19. Suppose 2*g + 3144 = 2412. What is the units digit of g/m - -1 - 10/75?
9
Suppose -b = -w + 3472, -w + 2*b + 1389 + 2087 = 0. Suppose 2*z + 0*z + 2*x = 1744, 4*z - x - w = 0. What is the units digit of z?
8
Suppose -20*p + 16*p + 96 = 4*d, 4*p = d - 44. Suppose 190 = -d*r + 918. What is the tens digit of r?
2
Suppose 3*a - 5*r = 25821, -6*r + 11*r = -a + 8567. What is the hundreds digit of a?
5
Let c = -72 + 72. Suppose c = 15*o - 18*o + 357. What is the units digit of o?
9
Let f(s) = -s**3 - 8*s**2 - 22*s - 48. Let t be f(-6). Suppose -6*p - 6000 = -t*p. What is the hundreds digit of p?
0
Suppose -80*f + 277 - 117 = 0. Suppose -3*t = -b - 7, 3*t = -2*b - 0*t + 4. What is the tens digit of b/(0 + 1/(-70)) - 